{"id":43767,"date":"2020-07-03T13:31:35","date_gmt":"2020-07-03T13:31:35","guid":{"rendered":"https:\/\/www.celticthunder.com\/shop\/?post_type=product&#038;p=43767"},"modified":"2026-04-20T14:35:43","modified_gmt":"2026-04-20T14:35:43","slug":"the-high-kings-cd","status":"publish","type":"product","link":"https:\/\/www.celticthunder.com\/shop\/product\/the-high-kings-cd\/","title":{"rendered":"*The High Kings CD"},"content":{"rendered":"<h1 class=\"title\">The High Kings &#8211; The High Kings<\/h1>\n<div class=\"product-form section\">\n<div class=\"saso-volumes\"><em><strong><span style=\"font-size: 14.4px;\">The High Kings\u2019 is the band\u2019s debut album originally released in 2008. The album features 16 well known Irish songs and ballads. It includes such classics as \u2018Rocky Road To Dublin\u2019 and \u2018The Auld Triangle\u2019, following in the tradition of the likes of The Dubliners, The Clancy Brothers and The Chieftains. The High Kings are Finbarr Clancy, Martin Furey, Brian Dunphy and Darren Holden.<\/span><\/strong><\/em><\/div>\n<\/div>\n<div class=\"description user-content lightboximages\"><em><strong>1. Paddy&#8217;s Green Shamrock Shore<\/strong><\/em><\/div>\n<div class=\"description user-content lightboximages\"><em><strong> 2. Will Ye Go Lassie, Go?<\/strong><\/em><\/div>\n<div class=\"description user-content lightboximages\"><em><strong> 3. Galway to Graceland<\/strong><\/em><\/div>\n<div class=\"description user-content lightboximages\"><em><strong> 4. Black Velvet Band <\/strong><\/em><\/div>\n<div class=\"description user-content lightboximages\"><em><strong>5. Rocky Road to Dublin<\/strong><\/em><\/div>\n<div class=\"description user-content lightboximages\"><em><strong> 6. Marie&#8217;s Wedding<\/strong><\/em><\/div>\n<div class=\"description user-content lightboximages\"><em><strong> 7. Fields of Glory<\/strong><\/em><\/div>\n<div class=\"description user-content lightboximages\"><em><strong> 8. Ar \u00c9ireann N\u00cd Neosainn C\u00e9 H\u00cd<\/strong><\/em><\/div>\n<div class=\"description user-content lightboximages\"><em><strong> 9. Little Beggarman <\/strong><\/em><\/div>\n<div class=\"description user-content lightboximages\"><em><strong>10. The Beggarman Jig<\/strong><\/em><\/div>\n<div class=\"description user-content lightboximages\"><em><strong> 11. Auld Triangle<\/strong><\/em><\/div>\n<div class=\"description user-content lightboximages\"><em><strong> 12. Parting Glass<\/strong><\/em><\/div>\n<div class=\"description user-content lightboximages\"><em><strong> 13. Wild Rover [Live]<\/strong><\/em><\/div>\n","protected":false},"excerpt":{"rendered":"<p>The High Kings &#8211; The High Kings The High Kings\u2019 is the band\u2019s debut album originally released in 2008. The album features 16 well known Irish songs and ballads. It includes such classics as \u2018Rocky Road To Dublin\u2019 and \u2018The Auld Triangle\u2019, following in the tradition of the likes of The Dubliners, The Clancy Brothers [&hellip;]\n","protected":false},"featured_media":43768,"template":"","meta":[],"product_brand":[],"product_cat":[21,120],"product_tag":[],"class_list":{"0":"post-43767","1":"product","2":"type-product","3":"status-publish","4":"has-post-thumbnail","6":"product_cat-cds","7":"product_cat-other-artists","8":"product_shipping_class-dvds-ship","10":"first","11":"instock","12":"taxable","13":"shipping-taxable","14":"purchasable","15":"product-type-simple"},"_links":{"self":[{"href":"https:\/\/www.celticthunder.com\/shop\/wp-json\/wp\/v2\/product\/43767","targetHints":{"allow":["GET"]}}],"collection":[{"href":"https:\/\/www.celticthunder.com\/shop\/wp-json\/wp\/v2\/product"}],"about":[{"href":"https:\/\/www.celticthunder.com\/shop\/wp-json\/wp\/v2\/types\/product"}],"wp:featuredmedia":[{"embeddable":true,"href":"https:\/\/www.celticthunder.com\/shop\/wp-json\/wp\/v2\/media\/43768"}],"wp:attachment":[{"href":"https:\/\/www.celticthunder.com\/shop\/wp-json\/wp\/v2\/media?parent=43767"}],"wp:term":[{"taxonomy":"product_brand","embeddable":true,"href":"https:\/\/www.celticthunder.com\/shop\/wp-json\/wp\/v2\/product_brand?post=43767"},{"taxonomy":"product_cat","embeddable":true,"href":"https:\/\/www.celticthunder.com\/shop\/wp-json\/wp\/v2\/product_cat?post=43767"},{"taxonomy":"product_tag","embeddable":true,"href":"https:\/\/www.celticthunder.com\/shop\/wp-json\/wp\/v2\/product_tag?post=43767"}],"curies":[{"name":"wp","href":"https:\/\/api.w.org\/{rel}","templated":true}]}}