{"id":36380,"date":"2019-11-08T13:03:03","date_gmt":"2019-11-08T13:03:03","guid":{"rendered":"https:\/\/www.celticthunder.com\/shop\/?post_type=product&#038;p=36380"},"modified":"2026-05-04T09:28:23","modified_gmt":"2026-05-04T09:28:23","slug":"celtic-woman-a-christmas-celebration","status":"publish","type":"product","link":"https:\/\/www.celticthunder.com\/shop\/product\/celtic-woman-a-christmas-celebration\/","title":{"rendered":"*CELTIC WOMAN &#8211; A CHRISTMAS CELEBRATION CD, Featuring the Original 5 Principals"},"content":{"rendered":"<p><strong>CELTIC WOMAN &#8211; A CHRISTMAS CELEBRATION<br \/>\n<\/strong><\/p>\n<p><span style=\"font-size: 140%;\"><strong>The album&#8217;s vocalists are M\u00e9av N\u00ed Mhaolchatha, \u00d3rla Fallon, Lisa Kelly, Chlo\u00eb Agnew and M\u00e1ir\u00e9ad Nesbitt. The album features a selection of Christmas favourites performed by the four girls and includes \u2018Away In A Manger\u2019 and \u2018White Christmas\u2019.<\/strong><\/span><\/p>\n<p>&nbsp;<\/p>\n<p><em><strong>CD TRACK LIST<\/strong><\/em><\/p>\n<p><em><strong>1. O Holy Night<\/strong><\/em><\/p>\n<p><em><strong>2. Away In A Manger<\/strong><\/em><\/p>\n<p><em><strong>3. Ding Dong Merrily On High<\/strong><\/em><\/p>\n<p><em><strong>4. White Christmas<\/strong><\/em><\/p>\n<p><em><strong>5. Silent Night<\/strong><\/em><\/p>\n<p><em><strong>6. Christmas Pipes<\/strong><\/em><\/p>\n<p><em><strong>7. The Christmas Song<\/strong><\/em><\/p>\n<p><em><strong>8. Carol Of The Bells<\/strong><\/em><\/p>\n<p><em><strong>9. Have Yourself A Merry Little Christmas<\/strong><\/em><\/p>\n<p><em><strong>10. Panis Angelicus<\/strong><\/em><\/p>\n<p><em><strong>11. That Night In Bethlehm<\/strong><\/em><\/p>\n<p><em><strong>12. O Come, All Ye Faithful<\/strong><\/em><\/p>\n<p><em><strong>13. The Little Drummer Boy<\/strong><\/em><\/p>\n<p><em><strong>14. The Wexford Carrol<\/strong><\/em><\/p>\n<p><em><strong>14. Let It Snow<\/strong><\/em><\/p>\n<p>&nbsp;<\/p>\n<p>&nbsp;<\/p>\n","protected":false},"excerpt":{"rendered":"<p>CELTIC WOMAN &#8211; A CHRISTMAS CELEBRATION The album&#8217;s vocalists are M\u00e9av N\u00ed Mhaolchatha, \u00d3rla Fallon, Lisa Kelly, Chlo\u00eb Agnew and M\u00e1ir\u00e9ad Nesbitt. The album features a selection of Christmas favourites performed by the four girls and includes \u2018Away In A Manger\u2019 and \u2018White Christmas\u2019. &nbsp; CD TRACK LIST 1. O Holy Night 2. Away In [&hellip;]\n","protected":false},"featured_media":45807,"template":"","meta":[],"product_brand":[],"product_cat":[21,120],"product_tag":[],"class_list":{"0":"post-36380","1":"product","2":"type-product","3":"status-publish","4":"has-post-thumbnail","6":"product_cat-cds","7":"product_cat-other-artists","8":"product_shipping_class-10-50","10":"first","11":"outofstock","12":"taxable","13":"shipping-taxable","14":"purchasable","15":"product-type-simple"},"_links":{"self":[{"href":"https:\/\/www.celticthunder.com\/shop\/wp-json\/wp\/v2\/product\/36380","targetHints":{"allow":["GET"]}}],"collection":[{"href":"https:\/\/www.celticthunder.com\/shop\/wp-json\/wp\/v2\/product"}],"about":[{"href":"https:\/\/www.celticthunder.com\/shop\/wp-json\/wp\/v2\/types\/product"}],"wp:featuredmedia":[{"embeddable":true,"href":"https:\/\/www.celticthunder.com\/shop\/wp-json\/wp\/v2\/media\/45807"}],"wp:attachment":[{"href":"https:\/\/www.celticthunder.com\/shop\/wp-json\/wp\/v2\/media?parent=36380"}],"wp:term":[{"taxonomy":"product_brand","embeddable":true,"href":"https:\/\/www.celticthunder.com\/shop\/wp-json\/wp\/v2\/product_brand?post=36380"},{"taxonomy":"product_cat","embeddable":true,"href":"https:\/\/www.celticthunder.com\/shop\/wp-json\/wp\/v2\/product_cat?post=36380"},{"taxonomy":"product_tag","embeddable":true,"href":"https:\/\/www.celticthunder.com\/shop\/wp-json\/wp\/v2\/product_tag?post=36380"}],"curies":[{"name":"wp","href":"https:\/\/api.w.org\/{rel}","templated":true}]}}